hat are the prime factors of 3233?
53, 61
List the prime factors of 3147.
3, 1049
List the prime factors of 3984.
2, 3, 83
What are the prime factors of 6320?
2, 5, 79
List the prime factors of 18786.
2, 3, 31, 101
List the prime factors of 31942.
2, 15971
List the prime factors of 5372.
2, 17, 79
List the prime factors of 1494.
2, 3, 83
What are the prime factors of 1469?
13, 113
List the prime factors of 7479.
3, 277
What are the prime factors of 14933?
109, 137
What are the prime factors of 22275?
3, 5, 11
List the prime factors of 799.
17, 47
What are the prime factors of 107753?
277, 389
What are the prime factors of 1075?
5, 43
What are the prime factors of 35617?
35617
What are the prime factors of 3362?
2, 41
What are the prime factors of 18308?
2, 23, 199
What are the prime factors of 9352?
2, 7, 167
List the prime factors of 7582.
2, 17, 223
What are the prime factors of 2592?
2, 3
List the prime factors of 162240.
2, 3, 5, 13
What are the prime factors of 12441?
3, 11, 13, 29
What are the prime factors of 1088?
2, 17
What are the prime factors of 3202?
2, 1601
List the prime factors of 1589.
7, 227
List the prime factors of 2515.
5, 503
What are the prime factors of 2541?
3, 7, 11
List the prime factors of 1438.
2, 719
List the prime factors of 40785.
3, 5, 2719
List the prime factors of 15407.
7, 31, 71
What are the prime factors of 4627?
7, 661
What are the prime factors of 2819?
2819
List the prime factors of 3840.
2, 3, 5
List the prime factors of 2741.
2741
What are the prime factors of 958?
2, 479
What are the prime factors of 31939?
19, 41
List the prime factors of 55217.
55217
List the prime factors of 2196.
2, 3, 61
List the prime factors of 193.
193
What are the prime factors of 90079?
11, 19, 431
List the prime factors of 28259.
7, 11, 367
What are the prime factors of 804?
2, 3, 67
List the prime factors of 105292.
2, 11, 2393
List the prime factors of 121905.
3, 5, 7, 43
List the prime factors of 411.
3, 137
What are the prime factors of 63357?
3, 7, 431
List the prime factors of 5427.
3, 67
What are the prime factors of 151316?
2, 11, 19, 181
What are the prime factors of 67700?
2, 5, 677
What are the prime factors of 1999?
1999
What are the prime factors of 1248?
2, 3, 13
What are the prime factors of 28709?
19, 1511
List the prime factors of 3203.
3203
What are the prime factors of 4151?
7, 593
What are the prime factors of 24889?
24889
What are the prime factors of 3398?
2, 1699
What are the prime factors of 1263?
3, 421
What are the prime factors of 11979?
3, 11
List the prime factors of 648.
2, 3
List the prime factors of 897.
3, 13, 23
List the prime factors of 3454.
2, 11, 157
List the prime factors of 265.
5, 53
List the prime factors of 15452.
2, 3863
What are the prime factors of 3142?
2, 1571
What are the prime factors of 31229?
11, 17, 167
What are the prime factors of 1294?
2, 647
List the prime factors of 293.
293
What are the prime factors of 4074?
2, 3, 7, 97
What are the prime factors of 9729?
3, 23, 47
What are the prime factors of 29486?
2, 23, 641
List the prime factors of 5155.
5, 1031
What are the prime factors of 24336?
2, 3, 13
What are the prime factors of 2249?
13, 173
What are the prime factors of 9186?
2, 3, 1531
What are the prime factors of 15870?
2, 3, 5, 23
What are the prime factors of 5768?
2, 7, 103
What are the prime factors of 6692?
2, 7, 239
List the prime factors of 497.
7, 71
List the prime factors of 458.
2, 229
What are the prime factors of 3178?
2, 7, 227
What are the prime factors of 108744?
2, 3, 23, 197
List the prime factors of 448.
2, 7
List the prime factors of 3117.
3, 1039
List the prime factors of 1324.
2, 331
What are the prime factors of 2852?
2, 23, 31
What are the prime factors of 17641?
13, 23, 59
List the prime factors of 1201.
1201
What are the prime factors of 17514?
2, 3, 7, 139
List the prime factors of 3473.
23, 151
What are the prime factors of 23611?
7, 3373
List the prime factors of 681.
3, 227
List the prime factors of 35707.
7, 5101
What are the prime factors of 4229?
4229
List the prime factors of 11036.
2, 31, 89
What are the prime factors of 30173?
11, 13, 211
What are the prime factors of 937?
937
What are the prime factors of 24098?
2, 12049
What are the prime factors of 1847?
1847
What are the prime factors of 19830?
2, 3, 5, 661
What are the prime factors of 2920?
2, 5, 73
List the prime factors of 50897.
7, 11, 661
What are the prime factors of 12461?
17, 733
List the prime factors of 93383.
93383
List the prime factors of 115397.
167, 691
List the prime factors of 32232.
2, 3, 17, 79
What are the prime factors of 15695?
5, 43, 73
List the prime factors of 25169.
25169
List the prime factors of 8211.
3, 7, 17, 23
List the prime factors of 499.
499
What are the prime factors of 2499?
3, 7, 17
List the prime factors of 81387.
3, 9043
List the prime factors of 3747.
3, 1249
What are the prime factors of 1319?
1319
What are the prime factors of 176363?
11, 16033
List the prime factors of 49692.
2, 3, 41, 101
List the prime factors of 25810.
2, 5, 29, 89
What are the prime factors of 7288?
2, 911
List the prime factors of 29220.
2, 3, 5, 487
What are the prime factors of 32559?
3, 10853
What are the prime factors of 60969?
3, 20323
What are the prime factors of 6815?
5, 29, 47
What are the prime factors of 57475?
5, 11, 19
List the prime factors of 1191.
3, 397
List the prime factors of 362.
2, 181
List the prime factors of 108225.
3, 5, 13, 37
What are the prime factors of 695?
5, 139
What are the prime factors of 48453?
3, 31, 521
What are the prime factors of 109128?
2, 3, 4547
List the prime factors of 2521.
2521
List the prime factors of 37378.
2, 11, 1699
What are the prime factors of 42038?
2, 21019
List the prime factors of 22679.
22679
What are the prime factors of 263?
263
List the prime factors of 2709.
3, 7, 43
What are the prime factors of 5422?
2, 2711
List the prime factors of 27329.
27329
What are the prime factors of 3177?
3, 353
List the prime factors of 111.
3, 37
List the prime factors of 13687.
13687
What are the prime factors of 2449?
31, 79
What are the prime factors of 16576?
2, 7, 37
What are the prime factors of 2005?
5, 401
List the prime factors of 5503.
5503
What are the prime factors of 9233?
7, 1319
What are the prime factors of 40346?
2, 20173
List the prime factors of 16611.
3, 7, 113
What are the prime factors of 1138?
2, 569
List the prime factors of 1020.
2, 3, 5, 17
What are the prime factors of 27877?
61, 457
What are the prime factors of 9105?
3, 5, 607
What are the prime factors of 8742?
2, 3, 31, 47
List the prime factors of 16359.
3, 7, 19, 41
List the prime factors of 245.
5, 7
What are the prime factors of 4703?
4703
List the prime factors of 7112.
2, 7, 127
List the prime factors of 329.
7, 47
List the prime factors of 1784.
2, 223
List the prime factors of 33845.
5, 7, 967
List the prime factors of 165.
3, 5, 11
What are the prime factors of 18054?
2, 3, 17, 59
List the prime factors of 14012.
2, 31, 113
What are the prime factors of 1149?
3, 383
List the prime factors of 3689.
7, 17, 31
List the prime factors of 69575.
5, 11, 23
List the prime factors of 6919.
11, 17, 37
What are the prime factors of 65852?
2, 101, 163
What are the prime factors of 8829?
3, 109
What are the prime factors of 546?
2, 3, 7, 13
List the prime factors of 909.
3, 101
List the prime factors of 39537.
3, 23, 191
What are the prime factors of 8008?
2, 7, 11, 13
List the prime factors of 22664.
2, 2833
List the prime factors of 29782.
2, 14891
What are the prime factors of 4763?
11, 433
List the prime factors of 329.
7, 47
List the prime factors of 351.
3, 13
What are the prime factors of 4533?
3, 1511
List the prime factors of 1064.
2, 7, 19
What are the prime factors of 1135?
5, 227
What are the prime factors of 1086?
2, 3, 181
List the prime factors of 37415.
5, 7, 1069
What are the prime factors of 31893?
3, 10631
List the prime factors of 5206.
2, 19, 137
What are the prime factors of 971?
971
What are the prime factors of 5506?
2, 2753
What are the prime factors of 61978?
2, 7, 19, 233
List the prime factors of 31613.
101, 313
List the prime factors of 1132.
2, 283
List the prime factors of 6321.
3, 7, 43
What are the 